{"id":194,"date":"2024-10-14T05:39:34","date_gmt":"2024-10-14T05:39:34","guid":{"rendered":"https:\/\/globalcustomersynergy.com\/?page_id=194"},"modified":"2024-10-16T04:29:39","modified_gmt":"2024-10-16T04:29:39","slug":"formations","status":"publish","type":"page","link":"https:\/\/globalcustomersynergy.com\/index.php\/formations\/","title":{"rendered":"Formations"},"content":{"rendered":"\t\t<div data-elementor-type=\"wp-page\" data-elementor-id=\"194\" class=\"elementor elementor-194\">\n\t\t\t\t<div class=\"elementor-element elementor-element-f3b47e1 e-flex e-con-boxed e-con e-parent\" data-id=\"f3b47e1\" data-element_type=\"container\" data-e-type=\"container\">\n\t\t\t\t\t<div class=\"e-con-inner\">\n\t\t\t\t<div class=\"elementor-element elementor-element-49b416b elementor-widget elementor-widget-heading\" data-id=\"49b416b\" data-element_type=\"widget\" data-e-type=\"widget\" data-widget_type=\"heading.default\">\n\t\t\t\t<div class=\"elementor-widget-container\">\n\t\t\t\t\t<h2 class=\"elementor-heading-title elementor-size-default\">Formations en pr\u00e9vention d'Incendie<\/h2>\t\t\t\t<\/div>\n\t\t\t\t<\/div>\n\t\t\t\t<div class=\"elementor-element elementor-element-45fa773 elementor-widget elementor-widget-text-editor\" data-id=\"45fa773\" data-element_type=\"widget\" data-e-type=\"widget\" data-widget_type=\"text-editor.default\">\n\t\t\t\t<div class=\"elementor-widget-container\">\n\t\t\t\t\t\t\t\t\t<p>Chez GLOBAL CUSTOMER SYNERGY, nous proposons une formation compl\u00e8te en pr\u00e9vention d&rsquo;incendie, couvrant tous les aspects essentiels de la s\u00e9curit\u00e9. Notre programme est con\u00e7u pour former efficacement votre personnel et vos intervenants, assurant ainsi une pr\u00e9paration optimale face aux risques d&rsquo;incendie.<br><br>Nos Programmes de Formation<br>1. Exercices d&rsquo;\u00c9vacuation<br>Organisation et r\u00e9alisation d&rsquo;exercices pratiques<br>Supervision professionnelle durant l&rsquo;exercice<br>Analyse et recommandations post-exercice<br>2. Utilisation des Extincteurs Portatifs<br>Formation pratique sur l&rsquo;utilisation s\u00e9curitaire des extincteurs<br>Techniques d&rsquo;extinction adapt\u00e9es \u00e0 diff\u00e9rents types de feux<br>3. Connaissance des Agents Extincteurs<br>Identification des diff\u00e9rents types d&rsquo;agents extincteurs<br>Choix de l&rsquo;agent appropri\u00e9 selon le type d&rsquo;incendie<br>4. Notions Fondamentales sur le Feu<br>Compr\u00e9hension du triangle du feu<br>\u00c9tude des diff\u00e9rentes phases d&rsquo;un incendie<br>5. Identification des Combustibles<br>Reconnaissance des mat\u00e9riaux combustibles courants<br>\u00c9valuation des risques li\u00e9s \u00e0 diff\u00e9rents types de combustibles<br><\/p>\t\t\t\t\t\t\t\t<\/div>\n\t\t\t\t<\/div>\n\t\t\t\t\t<\/div>\n\t\t\t\t<\/div>\n\t\t\t\t<\/div>\n\t\t","protected":false},"excerpt":{"rendered":"<p>Formations en pr\u00e9vention d&rsquo;Incendie Chez GLOBAL CUSTOMER SYNERGY, nous proposons une formation compl\u00e8te en pr\u00e9vention d&rsquo;incendie, couvrant tous les aspects essentiels de la s\u00e9curit\u00e9. Notre programme est con\u00e7u pour former efficacement votre personnel et vos intervenants, assurant ainsi une pr\u00e9paration optimale face aux risques d&rsquo;incendie. Nos Programmes de Formation1. Exercices d&rsquo;\u00c9vacuationOrganisation et r\u00e9alisation d&rsquo;exercices pratiquesSupervision [&hellip;]<\/p>\n","protected":false},"author":1,"featured_media":0,"parent":0,"menu_order":0,"comment_status":"closed","ping_status":"closed","template":"","meta":{"saved_in_kubio":false,"footnotes":""},"class_list":["post-194","page","type-page","status-publish","hentry","entry"],"kubio_ai_page_context":{"short_desc":"","purpose":"general"},"_links":{"self":[{"href":"https:\/\/globalcustomersynergy.com\/index.php\/wp-json\/wp\/v2\/pages\/194","targetHints":{"allow":["GET"]}}],"collection":[{"href":"https:\/\/globalcustomersynergy.com\/index.php\/wp-json\/wp\/v2\/pages"}],"about":[{"href":"https:\/\/globalcustomersynergy.com\/index.php\/wp-json\/wp\/v2\/types\/page"}],"author":[{"embeddable":true,"href":"https:\/\/globalcustomersynergy.com\/index.php\/wp-json\/wp\/v2\/users\/1"}],"replies":[{"embeddable":true,"href":"https:\/\/globalcustomersynergy.com\/index.php\/wp-json\/wp\/v2\/comments?post=194"}],"version-history":[{"count":10,"href":"https:\/\/globalcustomersynergy.com\/index.php\/wp-json\/wp\/v2\/pages\/194\/revisions"}],"predecessor-version":[{"id":373,"href":"https:\/\/globalcustomersynergy.com\/index.php\/wp-json\/wp\/v2\/pages\/194\/revisions\/373"}],"wp:attachment":[{"href":"https:\/\/globalcustomersynergy.com\/index.php\/wp-json\/wp\/v2\/media?parent=194"}],"curies":[{"name":"wp","href":"https:\/\/api.w.org\/{rel}","templated":true}]}}