{"id":177,"date":"2024-10-14T05:18:31","date_gmt":"2024-10-14T05:18:31","guid":{"rendered":"https:\/\/globalcustomersynergy.com\/?page_id=177"},"modified":"2024-10-14T11:51:24","modified_gmt":"2024-10-14T11:51:24","slug":"services","status":"publish","type":"page","link":"https:\/\/globalcustomersynergy.com\/index.php\/services\/","title":{"rendered":"Services"},"content":{"rendered":"\t\t<div data-elementor-type=\"wp-page\" data-elementor-id=\"177\" class=\"elementor elementor-177\">\n\t\t\t\t<div class=\"elementor-element elementor-element-275e871 e-flex e-con-boxed e-con e-parent\" data-id=\"275e871\" data-element_type=\"container\" data-e-type=\"container\">\n\t\t\t\t\t<div class=\"e-con-inner\">\n\t\t\t\t<div class=\"elementor-element elementor-element-4fef983 elementor-widget elementor-widget-text-editor\" data-id=\"4fef983\" data-element_type=\"widget\" data-e-type=\"widget\" data-widget_type=\"text-editor.default\">\n\t\t\t\t<div class=\"elementor-widget-container\">\n\t\t\t\t\t\t\t\t\t<p><b>D\u00e9couvrez notre offre int\u00e9grale de solutions, \u00e9labor\u00e9e pour optimiser votre protection contre les incendies et former vos collaborateurs aux meilleures pratiques de s\u00e9curit\u00e9.<\/b><\/p>\t\t\t\t\t\t\t\t<\/div>\n\t\t\t\t<\/div>\n\t\t\t\t\t<\/div>\n\t\t\t\t<\/div>\n\t\t\t\t<\/div>\n\t\t","protected":false},"excerpt":{"rendered":"<p>D\u00e9couvrez notre offre int\u00e9grale de solutions, \u00e9labor\u00e9e pour optimiser votre protection contre les incendies et former vos collaborateurs aux meilleures pratiques de s\u00e9curit\u00e9.<\/p>\n","protected":false},"author":1,"featured_media":0,"parent":0,"menu_order":0,"comment_status":"closed","ping_status":"closed","template":"","meta":{"saved_in_kubio":false,"footnotes":""},"class_list":["post-177","page","type-page","status-publish","hentry","entry"],"kubio_ai_page_context":{"short_desc":"","purpose":"general"},"_links":{"self":[{"href":"https:\/\/globalcustomersynergy.com\/index.php\/wp-json\/wp\/v2\/pages\/177","targetHints":{"allow":["GET"]}}],"collection":[{"href":"https:\/\/globalcustomersynergy.com\/index.php\/wp-json\/wp\/v2\/pages"}],"about":[{"href":"https:\/\/globalcustomersynergy.com\/index.php\/wp-json\/wp\/v2\/types\/page"}],"author":[{"embeddable":true,"href":"https:\/\/globalcustomersynergy.com\/index.php\/wp-json\/wp\/v2\/users\/1"}],"replies":[{"embeddable":true,"href":"https:\/\/globalcustomersynergy.com\/index.php\/wp-json\/wp\/v2\/comments?post=177"}],"version-history":[{"count":13,"href":"https:\/\/globalcustomersynergy.com\/index.php\/wp-json\/wp\/v2\/pages\/177\/revisions"}],"predecessor-version":[{"id":338,"href":"https:\/\/globalcustomersynergy.com\/index.php\/wp-json\/wp\/v2\/pages\/177\/revisions\/338"}],"wp:attachment":[{"href":"https:\/\/globalcustomersynergy.com\/index.php\/wp-json\/wp\/v2\/media?parent=177"}],"curies":[{"name":"wp","href":"https:\/\/api.w.org\/{rel}","templated":true}]}}